o - 4*w - 167. What are the prime factors of o?
3, 61
Suppose -5*a - 185 - 565 = 0. List the prime factors of ((1 - 1) + a/4)*-2.
3, 5
Suppose -25*l + 109847 - 1322 = 0. List the prime factors of l.
3, 1447
Suppose 5*z = -l + 5 + 8, 8 = 2*l + z. Suppose l*g - 4 = g. Suppose -3*u - x - 4*x = 0, g*u + 5 = -5*x. What are the prime factors of u?
5
Suppose -87*s + 70*s + 9061 = 0. What are the prime factors of s?
13, 41
Let s be (-20)/(-3)*18/(-15). Let z be 4 + 0*4/s. Suppose -i + o + 3 = 0, -3*o = 4*i - z*o - 15. What are the prime factors of i?
2
Let o = -23 + 24. Suppose m - q + o = 3*q, m = 5*q - 6. List the prime factors of m.
19
Let u(i) = -503*i - 475. List the prime factors of u(-5).
2, 3, 5, 17
Let n be (-7 - -1) + 26 + -14. Let w(f) = 0*f + 1 + 7*f - f**2 + f. List the prime factors of w(n).
13
Suppose -80481 = -28*g - 4405. What are the prime factors of g?
11, 13, 19
List the prime factors of (-6)/(-24)*193 - 1/4.
2, 3
Let d be (-2)/((-12)/(-8) - 2). Suppose -9 = -b + d*c + 10, b + c + 1 = 0. Suppose q = 2*w + 11, b*w + 32 - 8 = 2*q. What are the prime factors of q?
3, 5
Suppose -2*z = -4*y - 0*y + 854, 2*y = 2*z + 422. Let n = 415 - y. List the prime factors of n.
199
Suppose 384 = -0*m + 4*m. Suppose -4*z + m = -116. What are the prime factors of z?
53
Let b(c) = 181*c**2 + 7*c - 6. List the prime factors of b(1).
2, 7, 13
Suppose u = -2*u + 2*g + 49, u - 4*g - 23 = 0. Let v(x) = -11*x - 60. Let r be v(-8). Suppose u = t - r. What are the prime factors of t?
43
What are the prime factors of (10 - 0)/(10/4) + 1442?
2, 3, 241
Let k(c) = 24*c - c**3 + 99 - 50*c + 2*c**2 + 25*c. List the prime factors of k(0).
3, 11
Let m = -2569 + 6751. List the prime factors of m.
2, 3, 17, 41
Let l(z) = -z**2 - 24*z + 50. List the prime factors of l(-23).
73
Suppose 5*k + 2*p - 3 = 29, 3*k = -3*p + 21. List the prime factors of (k/(-4))/(218/44 + -5).
3, 11
List the prime factors of -7 + 45304/72 - 4/18.
2, 311
Suppose 4*c - 1400 = -2*f, 0 = 3*f + 2*c - 578 - 1518. List the prime factors of f.
2, 349
Let h(m) = -172*m. Let v be h(3). Let t = -140 - v. Suppose -3*j = 5*j - t. List the prime factors of j.
47
Let d = 444 - -239. List the prime factors of d.
683
Let f be (-1 - -3)*(-6)/(-4). Let v(a) = -a. Let u(q) = -3*q - 2. Let k(m) = -u(m) - 4*v(m). What are the prime factors of k(f)?
23
What are the prime factors of (-2)/(-6) + (-47838)/(-153)?
313
Let o(u) = 3*u + 2. Let a be o(4). Suppose 35 = 5*i + 5*j, 1 - a = -3*i - j. Let p = i + 22. List the prime factors of p.
5
Suppose 0 = -9*o + 8 - 35. Let z = o - -38. List the prime factors of z.
5, 7
Suppose -3*m + 26 = -g, -3*m - 7 = -2*g + 4*g. What are the prime factors of (-2 - -10) + (-7 - g)?
2, 3
Let g(f) = 56*f**2 + 2*f - 2. List the prime factors of g(1).
2, 7
Let h(g) = -4*g**3 + 3*g**3 - 15*g**2 - 12 + 3*g**2 - 2*g. Suppose 4*j + 51 = 3. What are the prime factors of h(j)?
2, 3
Let c(z) = 8 + 2*z - 10 + 14. Let f be c(-5). Suppose -t + f*t = 15. List the prime factors of t.
3, 5
Let w = -37 - -56. Let v = 8 - w. What are the prime factors of (2 + v)*16/(-6)?
2, 3
Let k = 100 - 154. What are the prime factors of (-622)/(-6) + (-18)/k?
2, 13
What are the prime factors of (-523)/(-3) + 55/(-165)?
2, 3, 29
Suppose -6*f + f = -0*f. Suppose 4*q + 5*z = 847, f = -5*q + 5*z + 1157 - 42. List the prime factors of q.
2, 109
Suppose 0 = 69*i - 63*i - 1566. What are the prime factors of i?
3, 29
Let x = 47 - 47. Suppose -11*a + 9*a = -244. Suppose x = -c + 3*y + 30, -5*y = 3*c - 6*y - a. List the prime factors of c.
2, 3, 7
Let h = -25 + 61. Let i be (-8)/h - (-4)/18. Suppose i = 3*r, -b - r + 2 = 2*r. What are the prime factors of b?
2
What are the prime factors of (-1990)/(-6)*(-3)/(-1)?
5, 199
Let q(a) = -53*a - 12. List the prime factors of q(-8).
2, 103
Suppose 0 = 16*q + 5*q - 15540. List the prime factors of q.
2, 5, 37
Suppose 0 = 6*l - 157 + 25. Suppose s - 98 = -l. List the prime factors of s.
2, 19
Let r(q) = -2*q + 42. Let s be r(-17). Suppose h + 4*x = 4, -3*h + 4*h + 5*x = 5. Suppose -4*w + h*w + s = 0. List the prime factors of w.
19
Let m(t) = t**3 - 9*t**2 + 10*t - 13. Let x be m(8). What are the prime factors of 48*(-5)/(-2 - x)?
2, 3
List the prime factors of (-4)/(-10) + 230*(-3874)/(-325).
2, 3, 457
Suppose 3*m - 389893 = -106*m. List the prime factors of m.
7, 73
Let k = -104 + 202. Let a = -57 + k. What are the prime factors of a?
41
Let o = -58 + 67. Let d(u) = -u**3 + 13*u**2 - 2*u - 4. List the prime factors of d(o).
2, 151
Suppose -2*a + 0*a = 26. Let w(t) = -11*t + 28. What are the prime factors of w(a)?
3, 19
Let x(q) = 2*q**2 - 9*q + 15. Let u be x(4). Suppose 7 = -r + u. What are the prime factors of r?
2
Let h(z) = -6*z + 5. Let o(p) = -p**2 - p - 1. Let c(y) = h(y) - 3*o(y). What are the prime factors of c(5)?
2, 17
Let l = 15 + 96. Let g = 158 - l. List the prime factors of g.
47
Let y(l) = 100*l**3 - l + 1. Let p be y(1). Let t = p - 52. What are the prime factors of t?
2, 3
Let i(r) = 2*r - 2. Let z be i(4). Suppose -5*s - 4*o = -109, 55 = -3*s + z*s + 5*o. List the prime factors of s.
5
Suppose -5*k - 4*q - 326 = -924, -5*q - 344 = -3*k. Suppose -i = -3*i + k. What are the prime factors of i?
59
Let f = -87 - -124. Let q = 65 - f. Let w = q + -14. List the prime factors of w.
2, 7
Suppose -3*j + 6 = 2*j - 2*g, -2*j = 2*g + 6. Suppose 9*b - 3*b - 684 = j. Suppose w - 8 = 4*v, -2*w - 5*v + b = 33. What are the prime factors of w?
2, 7
Let s(t) = -t**2 - 14*t + 156. What are the prime factors of s(0)?
2, 3, 13
Suppose -2*t + 2 = -12. Suppose t*x - 4*x = 768. Suppose -2*z + 6*z - x = 0. List the prime factors of z.
2
What are the prime factors of 0/(-1) + (626 - (0 - -2))?
2, 3, 13
Let o be -4 - (1 - (-1 - -262)). Let y = o + -172. Suppose -3*l - l = -y. List the prime factors of l.
3, 7
Suppose -a - a + 6 = 0. Suppose a*w + 6 = 5*w. Suppose 74 = 3*f + n, 3*f = -w*n + 111 - 39. List the prime factors of f.
5
Suppose -796 = -14*f + 10*f. What are the prime factors of f?
199
Let r(g) = -g - 10. Let v be r(-10). Suppose v*x = 4*x. Suppose x*u = u - 42. What are the prime factors of u?
2, 3, 7
List the prime factors of (-399 - -4)*-1 + 7.
2, 3, 67
Suppose 5*c + q = 40 - 0, 0 = -2*c - 4*q - 2. Suppose -4*w = 5*v - 87, 0 = 4*v - c*v + 15. What are the prime factors of w?
2, 3
Let s(i) = i**2 - 22*i - 87. List the prime factors of s(27).
2, 3
Let c = 24 - 7. Let m = c - 6. Suppose 81 + m = 2*t. List the prime factors of t.
2, 23
Let j(d) = -17*d - 80. What are the prime factors of j(-5)?
5
What are the prime factors of ((-4)/22 + (-644)/(-759))*3282?
2, 547
Let m(u) = 5*u - 8. Let z(i) = -4*i + 8. Let y(a) = 3*m(a) + 4*z(a). Suppose x - 12 = 2*w, -5*w + 6*x - 4*x = 31. List the prime factors of y(w).
3, 5
Let p(v) = 10*v**2 + 5*v - 2. Let b be p(2). What are the prime factors of 1360/b - 2/(-3)?
29
Let j be (2 + -4 - -8)*1. What are the prime factors of 1089/27 + (-2)/j?
2, 5
Let x(q) = -q - 7*q + 1 + 8 - q. What are the prime factors of x(-7)?
2, 3
Let z(q) = 11*q - 5. Let s be z(4). Suppose -2*l - s + 275 = 0. List the prime factors of l.
2, 59
Let d = 993 + -1705. List the prime factors of (11/(-44))/(2/d).
89
Let s = -120 - -63. Let l = s + 152. Suppose 4*w = -o + 12, 28 = 5*o - w - l. What are the prime factors of o?
2, 3
Suppose 57*s - 55152 = 9*s. List the prime factors of s.
3, 383
Let k = -16 - -10. Let p be (0 - k/2)*3. Suppose -d - 2 = -p. List the prime factors of d.
7
Let w = -27 + 27. Let g be (-24)/16*(w + 2). What are the prime factors of 28 + (3 - 4 - g)?
2, 3, 5
Suppose -2*r = u - 6027, 0 = -r + 203*u - 204*u + 3016. What are the prime factors of r?
3011
Let f be 4/18 + 76/(-18). Suppose -8*g = -3*g + 20. List the prime factors of (f/(-6))/(g/(-144)).
2, 3
Let c(h) = h**2 - 4*h - 7. Let r be c(6). Suppose -r*k + 66 = -2*k. What are the prime factors of k?
2, 11
Let d(b) = -b**3 - 6*b**2 - 5*b - 5. Let l be d(-4). Suppose -5*n = v - 139, -n - 5*v + 15 = -8*v. Let k = l + n. What are the prime factors of k?
2, 5
Let n(t) = -t**3 - 16*t**2 - 24*t - 4. What are the prime factors of n(-16)?
2, 5, 19
Suppose 4*r - w - 9 = 0, 8 = 3*r - w - w. Suppose -r*t - t - 55 = -2*b, -3*t - 20 = -b. List the prime factors of b.
5, 7
Let l be 4 - 2 - (-2 - 2093). Let d be l/81 